u. List the prime factors of u.
2, 3
Let z = 286 - 74. What are the prime factors of z?
2, 53
Suppose -3*c - 4*d + 170 = -0*c, 3*c - 172 = -2*d. What are the prime factors of c?
2, 29
Suppose 0 = -7*a + 3*a - 3*k + 246, 2*k + 67 = a. What are the prime factors of a?
3, 7
Suppose -h + 54 = 2*p, 5*h + p - 310 = -p. What are the prime factors of h?
2
Suppose -2*f = -2*j - 4*f + 6, j + 7 = -3*f. Suppose 51 = y + j. What are the prime factors of y?
43
Suppose 4 = 3*u + 13. Let h = 0 + u. Let i(b) = b**2 - b + 4. List the prime factors of i(h).
2
Let h be 13*1 - (-3 + 4). List the prime factors of h - ((-2 - -3) + 0).
11
Let t = -3 - 0. Let x = t + 5. Let n = x - -1. What are the prime factors of n?
3
Suppose 103 + 19 = 2*z. List the prime factors of z.
61
Suppose 5*n - 31 + 6 = 0. Suppose n*j + 13 = b - 1, j = -2*b + 72. What are the prime factors of b?
2, 17
Suppose 2*y - 5*i + i + 4 = 0, 0 = 4*i - 12. Suppose w - 17 = -y*r + 62, -5*w = 5*r - 80. List the prime factors of r.
3, 7
What are the prime factors of (2/(-3))/(((-80)/(-3405))/(-8))?
227
Suppose 3*a + a - 8 = 0. Suppose 4*p - 94 = -2*g, 28 = 4*g - 4*p - 100. Suppose 2*v - 5*q - g = -0*v, -22 = -2*v + a*q. List the prime factors of v.
2, 3
Let f = 0 - -3. Suppose f*r - 20 = -r. Suppose -b - 2 + r = 0. List the prime factors of b.
3
Let p(c) = c**2 - 5*c + 4. Suppose 5*n - 51 = 49. Let s = -14 + n. What are the prime factors of p(s)?
2, 5
Suppose -2511 = -7*q - 971. List the prime factors of q.
2, 5, 11
Suppose -j + 12 = 5*n - 23, 4*n + j - 29 = 0. Let t = n + -7. List the prime factors of 4*t*(-45)/20.
3
Suppose -l = 4, -3*c - 4*l - 12 = c. Let h be (c - 0)*(35 + -1). Let m = h + -23. What are the prime factors of m?
11
Let r(x) = 38*x + 39. What are the prime factors of r(6)?
3, 89
Let b(w) = 2*w + 15. Let g(i) = 2*i + 16. Let x(l) = -5*b(l) + 4*g(l). List the prime factors of x(-8).
5
Let h(t) = t**2 - 3*t - 6. Let s be h(5). Suppose -s*l - 4 = -6*l. Suppose 18 = l*n + 2. List the prime factors of n.
2
What are the prime factors of 19 + (-3 - (-16)/4)?
2, 5
Let o = 73 + -56. What are the prime factors of o?
17
Let x(s) = -2 + 0*s**2 - 6*s + 2*s**2 - s**2. Let d be x(5). Let v = d + 14. List the prime factors of v.
7
Let c = 15 + -4. Suppose -d = -c + 4. List the prime factors of d.
7
Suppose -1020 = 3*q - 8*q - o, o = 0. List the prime factors of q.
2, 3, 17
Let m = -77 + 145. Suppose -2*w - v = -2*v - m, 0 = -5*v - 10. What are the prime factors of w?
3, 11
List the prime factors of (-1)/(-1)*(3 + 10).
13
Let i(r) = -2*r**3 - 20*r**2 - 3*r - 19. What are the prime factors of i(-10)?
11
Suppose 0 = h - 5*h + 36. Suppose b = -h + 25. List the prime factors of b.
2
Let o(y) = 3*y - 3. Let g be o(2). Suppose 29 = -5*b + g*h, -4*b - h = -6*h + 18. Let v = 12 + b. What are the prime factors of v?
5
Suppose -2*k = 4*x - 0*x - 104, -3*k = 3*x - 144. List the prime factors of k.
2, 11
Suppose -3*s = 2*p - 10, 4*s - 5*p + 2*p - 2 = 0. Let z(k) = 0*k**2 + 3 - 2*k**2 - 6*k + 3*k**2 + 0*k**s. List the prime factors of z(6).
3
Let l(c) be the first derivative of -2*c**2 - 3*c - 1. What are the prime factors of l(-3)?
3
Suppose -2 = -2*m - 4*s, -2*s + 13 = 5*m - 0*m. Suppose -3*q = y - 11, -3*y - 2*y = m*q - 31. Suppose -2 = q*g - 16. What are the prime factors of g?
7
What are the prime factors of (8/(-32))/((-2)/824)?
103
Suppose -5*i = -45 - 5. Suppose -4*u - 6*v + v + 42 = 0, -5*v - i = 0. List the prime factors of u.
13
What are the prime factors of (-3)/(-2)*1564/6?
17, 23
Suppose 0*l = -2*l - 10. Let v(p) = -12*p**3 - 7*p**2 - 4*p. Let w(r) = 12*r**3 + 8*r**2 + 5*r. Let t(j) = l*w(j) - 6*v(j). What are the prime factors of t(1)?
13
Suppose 0 = q + 2*q - 9. Suppose n + 2*z + q = -z, -4*z = -4*n + 20. What are the prime factors of n/((-3)/(-10))*1?
2, 5
Suppose 0 = -6*v + 7 + 359. List the prime factors of v.
61
Let i = 14 + 31. Suppose -2*b - b - 3*f + i = 0, 3*b = -f + 49. List the prime factors of b.
17
Let g be (2 + -1)/(-1)*-3. Suppose -5*i - 4*y - 22 = -3*i, g*y = -5*i - 20. Let z(v) = 7*v**2 - v. What are the prime factors of z(i)?
2
Let n = 151 - 59. What are the prime factors of n?
2, 23
Let t(l) = 2*l**2 - 3*l. Let k be t(2). Let f(d) = d - 5*d**k - 3*d**3 + 5*d**2. List the prime factors of f(-1).
2
Suppose 116 = f + 3*h, 2*f + 3 = 3*h + 280. What are the prime factors of f?
131
Suppose -2*h - 6 = -0*h - n, h = -3*n - 3. Let g be 2/h + 8/12. List the prime factors of (g - 4/(-2)) + 5.
7
Let h(f) be the first derivative of -f**3/3 + f**2/2 + 16*f + 1. Let p(x) = -2*x + 36. Let d be p(18). List the prime factors of h(d).
2
Let y(c) be the first derivative of -11*c**2/2 + 2*c + 4. Let l be y(-4). Let x = -32 + l. List the prime factors of x.
2, 7
Suppose 2*y - y = 2. Let a = 0 + y. List the prime factors of a/(((-2)/(-16))/1).
2
Let q = 24 + -3. What are the prime factors of q?
3, 7
Let k(n) = -3*n**3 - n**2 + n + 1. Let u be k(-1). Let c = 1 + u. What are the prime factors of c?
3
Let g = -10 - -40. Let z(b) = b - 20. Let i be z(0). Let u = i + g. What are the prime factors of u?
2, 5
Let w(d) = -d**3 + 12*d**2 + 14*d + 16. List the prime factors of w(13).
29
Let f = -4 + 8. Suppose -3*t = 4*l - 105, 4*t + f*l - 147 = l. Suppose -2*s + i = -27, -4*s + t = 4*i - i. What are the prime factors of s?
2, 3
Let b = -19 + 66. Let c = -26 + b. What are the prime factors of c?
3, 7
Suppose 3 = 3*m + 39. Let o(b) = 0*b - b**2 + 13 - 11*b + 1. What are the prime factors of o(m)?
2
Suppose g + 3*v - 409 = -3*g, -3*g + 333 = -3*v. Let j = g + -71. List the prime factors of j.
5, 7
Let w(j) = j - 5. Let k be w(4). Let f be -9 + k*9/(-3). Let a(g) = -g**3 - 5*g**2 + 3*g - 4. List the prime factors of a(f).
2, 7
Let y(k) = -3*k**2 + 2*k - 1. Let g be y(-2). Suppose -38 = -4*x + 90. Let o = x + g. What are the prime factors of o?
3, 5
Let s = -61 + 70. What are the prime factors of s?
3
Suppose -15 = -4*c + 17. Suppose 5*f = f + c. Suppose 0 = a - f*a + 9. List the prime factors of a.
3
Suppose 0 = 9*n - 100 - 1970. List the prime factors of n.
2, 5, 23
Suppose 6*b - 80 = -290. Let m = 62 + b. List the prime factors of m.
3
Let x(r) = -r**3 - 20. Let g be x(0). Let l = 7 - g. List the prime factors of l.
3
Let g(h) = h**2 + 3*h + 1. Let i = -9 + 6. Let z be g(i). Suppose 0 = -f - 2*t - z - 5, -2*f - 8 = 3*t. List the prime factors of f.
2
What are the prime factors of (-33)/11*(-4 - 0)?
2, 3
Suppose -324 + 45 = -3*q - 3*n, 0 = 4*q - 4*n - 380. List the prime factors of q.
2, 47
Suppose o - 4*o + 105 = 0. What are the prime factors of o?
5, 7
Suppose -25*i = -27*i + 18. List the prime factors of i.
3
Let s = -5 + 13. Let p(u) = u**2 - 7*u + 5. What are the prime factors of p(s)?
13
Let n be 3*-10 - (-6)/(-2). List the prime factors of (-621)/(-33) + (-6)/n.
19
Let k = -292 + 521. What are the prime factors of k?
229
Let o be (-16)/(-6)*(-2 - -5). List the prime factors of (-2)/o - 178/(-8).
2, 11
Let o = 3 - -17. List the prime factors of ((-63)/14)/((-3)/o).
2, 3, 5
Suppose -5*h + 4*h = 7. Let n = h + -11. What are the prime factors of (-2)/(-9) - 32/n?
2
Let s(g) = -g. Let y(d) = d**2 - 3*d - 3. Let b(x) = -5*s(x) + y(x). List the prime factors of b(-5).
2, 3
Let n(z) = z**3 + z - 1. Let h be n(2). List the prime factors of 2*1/2*h.
3
Let v(r) = r**2 + 10*r + 0*r + 5*r - 7 - 6*r. What are the prime factors of v(-11)?
3, 5
Suppose -52 - 163 = -5*r. List the prime factors of r.
43
Let m be -27*1*3/(-9). What are the prime factors of (-2*1)/(m/(-18))?
2
Let o(f) = -5*f - 7. Let i(c) = -16*c - 22. Let s(a) = -2*i(a) + 7*o(a). Let x be s(-4). Let d = -5 + x. What are the prime factors of d?
2
List the prime factors of (-3)/(2/((-112)/6)).
2, 7
Let f = 8 - 6. Suppose f*l + 80 = 6*l. What are the prime factors of l?
2, 5
Let k be (3 - 1)*(-2 - -4). List the prime factors of 1*5/(10/k).
2
What are the prime factors of (41 - 0/3) + 0?
41
Let r(w) be the second derivative of -4*w**3/3 + 2*w**2 - 7*w. List the prime factors of r(-4).
2, 3
Suppose -5*g = 2*q - 83 - 11, 2*q = g + 118. List the prime factors of (2/3)/(2/q).
19
Let v = 10 + 6. Let p = v + -1. List the prime factors of p.
3, 5
Suppose 18 = 4*h + v, v + 5 + 7 = 2*h. Let y(t) = 3*t - 7. What are the prime factors of y(h)?
2
Suppose 133 = 3*s - 0*s - 